{"id":261,"date":"2016-02-15T18:39:11","date_gmt":"2016-02-15T18:39:11","guid":{"rendered":"http:\/\/localhost:8888\/icc\/?page_id=261"},"modified":"2016-12-28T16:26:42","modified_gmt":"2016-12-28T16:26:42","slug":"periodicos","status":"publish","type":"page","link":"http:\/\/cidadescriativas.org.br\/site\/periodicos","title":{"rendered":"Peri\u00f3dicos"},"content":{"rendered":"<p style=\"text-align: left;\"><img loading=\"lazy\" decoding=\"async\" class=\"size-medium wp-image-558 alignleft\" src=\"http:\/\/www.cidadescriativas.org.br\/site\/wp-content\/uploads\/2016\/02\/Captura-de-Tela-2016-12-28-\u00e0s-14.22.16-202x300.png\" alt=\"\" width=\"202\" height=\"300\" srcset=\"http:\/\/cidadescriativas.org.br\/site\/wp-content\/uploads\/2016\/02\/Captura-de-Tela-2016-12-28-\u00e0s-14.22.16-202x300.png 202w, http:\/\/cidadescriativas.org.br\/site\/wp-content\/uploads\/2016\/02\/Captura-de-Tela-2016-12-28-\u00e0s-14.22.16.png 380w\" sizes=\"(max-width: 202px) 100vw, 202px\" \/>\u00a0O Letras \u00e9 um jornal cultural composto por artigos sobre produ\u00e7\u00e3o cultural, cinema, m\u00fasica, literatura, literatura judaica, tradu\u00e7\u00f5es, teatro e afins. De sua primeira a 50\u00aa edi\u00e7\u00e3o teve periodicidade semanal. Isso acontece entre os anos 2006 \u00a0e 2011.<\/p>\n<p style=\"text-align: left;\">Em 2016 retornou, desta vez em car\u00e1ter trimestral.<\/p>\n<p style=\"text-align: left;\">Acesse o site e conhe\u00e7a mais sobre este per\u00edodicio:\u00a0<a href=\"http:\/\/letras.cidadescriativas.org.br\">letras.cidadescriativas.org.br<\/a><\/p>\n ","protected":false},"excerpt":{"rendered":"<p>\u00a0O Letras \u00e9 um jornal cultural composto por artigos sobre produ\u00e7\u00e3o cultural, cinema, m\u00fasica, literatura, literatura judaica, tradu\u00e7\u00f5es, teatro e afins. De sua primeira a 50\u00aa edi\u00e7\u00e3o teve periodicidade semanal. Isso acontece entre os anos 2006 \u00a0e 2011. Em 2016 retornou, desta vez em car\u00e1ter trimestral. Acesse o site e conhe\u00e7a mais sobre este per\u00edodicio:\u00a0letras.cidadescriativas.org.br<\/p>\n","protected":false},"author":1,"featured_media":0,"parent":0,"menu_order":0,"comment_status":"closed","ping_status":"closed","template":"","meta":{"footnotes":""},"_links":{"self":[{"href":"http:\/\/cidadescriativas.org.br\/site\/wp-json\/wp\/v2\/pages\/261"}],"collection":[{"href":"http:\/\/cidadescriativas.org.br\/site\/wp-json\/wp\/v2\/pages"}],"about":[{"href":"http:\/\/cidadescriativas.org.br\/site\/wp-json\/wp\/v2\/types\/page"}],"author":[{"embeddable":true,"href":"http:\/\/cidadescriativas.org.br\/site\/wp-json\/wp\/v2\/users\/1"}],"replies":[{"embeddable":true,"href":"http:\/\/cidadescriativas.org.br\/site\/wp-json\/wp\/v2\/comments?post=261"}],"version-history":[{"count":4,"href":"http:\/\/cidadescriativas.org.br\/site\/wp-json\/wp\/v2\/pages\/261\/revisions"}],"predecessor-version":[{"id":560,"href":"http:\/\/cidadescriativas.org.br\/site\/wp-json\/wp\/v2\/pages\/261\/revisions\/560"}],"wp:attachment":[{"href":"http:\/\/cidadescriativas.org.br\/site\/wp-json\/wp\/v2\/media?parent=261"}],"curies":[{"name":"wp","href":"https:\/\/api.w.org\/{rel}","templated":true}]}}